 and w?
21
Let x = 144 - 76. Let h = x - -25. Let v be 1088/952 - (-1278)/21. What is the highest common divisor of v and h?
31
Let x be (-19 - (-507)/26)*48. What is the highest common divisor of x and 2672?
8
Let b be 0 + 2 + 1 - (-228)/2. Let p = b + -113. What is the greatest common factor of 20 and p?
4
Let j(w) = -9*w - 51. Let i be 4/12*(4 + -37). Let t be j(i). Calculate the greatest common factor of t and 432.
48
Suppose l - 3*j = -4*l + 12815, -6*l = 3*j - 15345. What is the highest common factor of 40 and l?
40
Let j = 10 + -7. Suppose j*t - 5*t - 300 = 0. Let s = -99 - t. What is the greatest common divisor of 34 and s?
17
Let q(o) = -o**3 - 14*o**2 - 14*o - 31. Let h be q(-14). Suppose 176 = s + h. Calculate the greatest common factor of 99 and s.
11
Suppose 2*s + 0*s = -5*o - 37, 3*s - 2*o + 8 = 0. Let q be (s/4)/((-2)/20). Let r = 6602 - 6597. What is the highest common factor of r and q?
5
Suppose 22*v + 786 - 3756 = 0. Let m(u) = -u**3 - 11*u**2 - 10*u + 10. Let l be m(-10). Calculate the greatest common factor of l and v.
5
Let q = 1326 - 777. What is the greatest common divisor of 99 and q?
9
Suppose 4*g + 228 = 2*m - 4*m, -63 = g + 2*m. Let i be (-70 - -64)*3/(6/g). What is the highest common factor of i and 15?
15
Let l be ((-119)/(-21) + -1)*-3. Let z be (-319)/(-8) + l/(-112). Suppose 0 = -2*w + 45 - 13. Calculate the greatest common factor of z and w.
8
Let y be (-39)/(-9) - 4*4/(-24). Suppose -y*b + 5*n - 4*n - 181 = 0, 0 = -b - 2*n - 34. Let p be 1/(4/b*-3). Calculate the greatest common divisor of 24 and p.
3
Let o = -10082 - -10495. What is the highest common divisor of 118 and o?
59
Suppose 0 = 150*p - 153*p + u + 5397, -5*u - 3585 = -2*p. Calculate the highest common divisor of 1224 and p.
72
Suppose -341 - 188 = -23*n. Let o(j) = 14*j - 74. Let t be o(n). What is the greatest common factor of t and 8?
8
Let m be 8/(-3) - -1 - ((-9240)/63 + -20). What is the highest common divisor of 480 and m?
15
Let b(z) = -z**3 + 33*z**2 - 269*z + 84. Let f be b(19). Calculate the highest common factor of 5553 and f.
9
Suppose 3*b - 4*v + 1048 = 0, 11*v - 10*v = -2*b - 717. Let d = -338 - b. Let x = -33 - -69. Calculate the highest common factor of d and x.
18
Suppose 0 = 3*y + 5*h + 3, -2*h + 5*h = 3*y - 21. Suppose 3*n = 0, -y*j + 7*j = -n + 777. What is the highest common divisor of 74 and j?
37
Let x = -11 + 15. Suppose -7*f + 99 = -x*f. Let u = -31 + f. What is the greatest common factor of 22 and u?
2
Let a(o) = -o**3 + 28*o**2 - 13*o - 534. Let x be a(26). What is the highest common factor of x and 114?
6
Suppose w - 29 = 2*y, -99 = -4*w + 4*y + 29. Suppose 5*v - 37 = 2*h, -v + 12 = -4*h + 1. Let s = 12 - v. What is the greatest common divisor of s and w?
5
Let x(u) = 2*u**2 + 10*u - 36. Let a be x(3). Let p(m) = -5*m**2 + 61*m + 12. Let g be p(a). What is the greatest common divisor of g and 180?
12
Let x be (4 + (-1 - -23))/2. Suppose 0 = -6*b - 7 + x. Suppose -5*i + 35 = -5*g, 4*i = -i + 4*g + 37. Calculate the greatest common factor of i and b.
1
Suppose -7*s + 2979 + 4014 = 0. What is the greatest common factor of s and 27?
27
Suppose -112 = -k - 3*k. Suppose -9*u = -u - 2240. Suppose u = 34*j - 29*j. What is the highest common factor of j and k?
28
Let v(i) = i**3 + 8*i**2 + i + 7. Let z be v(-8). Let l(c) = -129*c - 3. Let h be l(z). Calculate the greatest common divisor of 28 and h.
14
Let o be 92/9 + (-6)/27. Suppose 2*f = -o*f + 720. What is the greatest common factor of 20 and f?
20
Let p = 261 - 242. Suppose 3*j - 17 - p = 0. What is the highest common divisor of j and 96?
12
Let p be -6 + (4 - -2) + -4. Let m = p - -149. Calculate the highest common factor of m and 87.
29
Let j = 5939 + -5928. Calculate the greatest common divisor of j and 22660.
11
Suppose 3*c = 2*z - 393, -c + 0 + 7 = 0. What is the greatest common divisor of 575 and z?
23
Suppose 0 = 7*n + 7*n - 602. Suppose -47 = -15*m + n. What is the highest common factor of m and 42?
6
Suppose -3789 - 4491 = -69*b. Calculate the highest common factor of b and 8520.
120
Let x = 360 + -201. Calculate the greatest common divisor of x and 2120.
53
Let f = 31 - 31. Suppose 3*j - v - 78 = 0, f = -j + 4*j + v - 78. What is the highest common factor of 2 and j?
2
Let i = -28 - -31. Suppose p - i*p = -24. Suppose -p = -v + 3*r - 3, -5*v + 5*r = -25. Calculate the highest common divisor of v and 24.
3
Let k be 67 + (-3)/((-30)/130). Suppose 10*i = 1143 + 137. Calculate the highest common divisor of k and i.
16
Let i(p) = -11*p + 48. Let f be i(-16). Suppose -s - 42 = -4*s. Calculate the highest common factor of f and s.
14
Let l be (58/6)/(142/(-72) - -2). Suppose l = 5*j - 687. Calculate the highest common factor of 46 and j.
23
Suppose 4*b = t - 21, t = -0*t - b + 6. Suppose 5*r + 20 = t*r. Suppose 5*w - l = 29 - r, 3*w - 8 = -l. What is the greatest common factor of w and 1?
1
Let k be 50/(((-2)/(-12))/(318/424)). Suppose f - 25 = -0*f. What is the highest common factor of k and f?
25
Let b be 454/4 - (-126)/84. Let d be 184/(-20)*(-5)/2. What is the highest common factor of d and b?
23
Let w(a) = -34*a - 52. Let k be w(-7). Let v = -182 + k. Calculate the highest common factor of 196 and v.
4
Let i(c) = 273*c - 2354. Let o be i(14). Calculate the greatest common divisor of o and 6973.
367
Let x be -2 - ((-3485)/30 + ((-23)/6 - -3)). Calculate the highest common divisor of 161 and x.
23
Let s(h) = h**2 + 5*h. Let b be s(-6). Suppose 0 = 6*c - 13*c - 10*c. Let i be -1 + c - (2 - 69). Calculate the highest common factor of i and b.
6
Let g = 172 + -46. Let o be 156/11 + 96/(-528). What is the highest common divisor of g and o?
14
Suppose -28 = -17*g + 15*g. Suppose -2*i + 4*i - h - 14 = 0, -3*h + g = i. Calculate the highest common factor of 64 and i.
8
Let m = -2191 - -2219. Calculate the highest common divisor of m and 896.
28
Let a = 576 - 704. Let v = a + 149. Let h be 7/(-1 + (-6)/(-4)). Calculate the highest common factor of h and v.
7
Let f(c) = 553*c + 1429. Let b be f(-2). Calculate the greatest common factor of b and 133.
19
Suppose 25*l + 357 = 26*l. Let b be 0 - (l/(-27) + (-4)/(-18)). Calculate the highest common divisor of b and 3.
1
Let x(q) be the first derivative of 5*q**3/3 + 3*q**2/2 + 22*q + 89. Let o be x(-5). Calculate the highest common factor of o and 12.
12
Suppose -462*y + 74052 = -275*y. Calculate the greatest common divisor of y and 72.
36
Let g = 4089 - 4062. What is the highest common factor of 288 and g?
9
Suppose 107 - 2764 = -93*u + 2551. What is the greatest common factor of 272 and u?
8
Let y(q) = -12*q - 360. Let d be y(-31). Suppose -7*p + 1558 = d*p. Calculate the highest common factor of 1558 and p.
82
Let m(f) = 17*f - 2. Let t be m(2). Let y be (((-6)/22)/((-126)/168))/(1/11). What is the greatest common factor of y and t?
4
Suppose 10*b - 17499 = -2169. Let w = b + -1047. Calculate the highest common factor of w and 54.
54
Let l(o) = -122*o + 5053. Let b be l(38). Calculate the highest common divisor of b and 11537.
139
Let z(m) = 13*m + 32. Let n be z(-24). Let h = 394 + n. What is the greatest common divisor of h and 399?
57
Let y(i) = 91*i + 23. Let n be y(7). Suppose 4*s + 200 = m, 2*m - 5*m - 3*s = -n. Suppose -20*b + 486 = -2*b. What is the greatest common divisor of m and b?
27
Let b = -7037 + 7589. Calculate the highest common factor of 1518 and b.
138
Suppose 5*z = -p + 3574, 4*z - 1116 = 2*p + 1732. Let l = z + -659. Calculate the greatest common factor of 77 and l.
11
Suppose 10 = -7*t + 12*t. Suppose -s = -0*y - 3*y + 10, -5 = -t*y - s. Let n be (y/(-2) + 0)/((-45)/480). What is the greatest common factor of n and 128?
16
Suppose -3*c + 2*t + 22 = 0, 0 = c + t - 15 + 1. Suppose c*i = -69 - 351. Let s be (-1064)/i - 2/6. What is the greatest common factor of 200 and s?
25
Let a be 9 + 0 + (-7 + 4)/(-1). Suppose a*b - 311 = 11*b. Suppose -2*m + b = -9. Calculate the greatest common divisor of 40 and m.
40
Let d = 220 - 337. Let u = 229 + d. What is the highest common divisor of u and 64?
16
Let t be (5 + (-46)/10)*180. Suppose -4*r + 5*r = 5*y + 32, 68 = 4*r - 5*y. Let l be 16/r*(-2 + 8). Calculate the greatest common factor of l and t.
8
Let i(w) = -w**3 + 8*w**2 - 5*w - 10. Let r be i(7). Let m be 4 + 